{"id":859,"date":"2022-03-24T16:57:50","date_gmt":"2022-03-24T19:57:50","guid":{"rendered":"https:\/\/theblueboatinitiative.org\/?page_id=859"},"modified":"2022-10-31T22:46:35","modified_gmt":"2022-11-01T01:46:35","slug":"entrevista-con","status":"publish","type":"page","link":"https:\/\/fundacionmeri.cl\/theblueboatinitiative\/entrevista-con\/","title":{"rendered":"Entrevista con&#8230;"},"content":{"rendered":"<div class=\"wpb-content-wrapper\"><p>[vc_row full_width=\u00bbstretch_row\u00bb css=\u00bb.vc_custom_1648761689805{margin-bottom: 0px !important;padding-top: 200px !important;padding-bottom: 200px !important;background-image: url(https:\/\/fundacionmeri.cl\/theblueboatinitiative\/wp-content\/uploads\/2022\/03\/Banner-Nueva-Seccio\u0301n.jpg?id=860) !important;background-position: center !important;background-repeat: no-repeat !important;background-size: cover !important;}\u00bb][vc_column width=\u00bb1\/2&#8243;][vc_column_text css=\u00bb.vc_custom_1648765033910{border-bottom-width: 2px !important;border-bottom-color: #75faff !important;border-bottom-style: solid !important;border-radius: 2px !important;}\u00bb]<\/p>\n<h1><span style=\"color: #ffffff;\">Entrevista con&#8230;<\/span><\/h1>\n<p>[\/vc_column_text][vc_column_text css_animation=\u00bbnone\u00bb]<\/p>\n<p style=\"text-align: left;\">Todo lo que te gustar\u00eda saber de nuestro proyecto The Blue BOAT Initiative, lo encontrar\u00e1s en cada una de las entrevistas a connotados profesionales que participan del proyecto.<\/p>\n<p>[\/vc_column_text][\/vc_column][vc_column width=\u00bb1\/2&#8243;][\/vc_column][\/vc_row][vc_row content_placement=\u00bbmiddle\u00bb css=\u00bb.vc_custom_1651167215342{padding-top: 50px !important;}\u00bb][vc_column width=\u00bb1\/2&#8243;][vc_column_text]<iframe title=\"YouTube video player\" src=\"https:\/\/www.youtube.com\/embed\/qsXZpCeuF4o\" width=\"560\" height=\"315\" frameborder=\"0\" allowfullscreen=\"allowfullscreen\"><\/iframe>[\/vc_column_text][\/vc_column][vc_column width=\u00bb1\/2&#8243;][vc_column_text css=\u00bb.vc_custom_1665759370386{border-bottom-width: 2px !important;border-bottom-color: #75faff !important;border-bottom-style: solid !important;border-radius: 2px !important;}\u00bb]<\/p>\n<h3>Jacqueline Gonzalez<\/h3>\n<p>[\/vc_column_text][vc_column_text]Conversamos con Jacqueline Gonz\u00e1lez, de Sustainable Ocean Alliance (SOA).<\/p>\n<p>La conversaci\u00f3n se centr\u00f3 en qu\u00e9 es SOA y cu\u00e1l es su rol en la protecci\u00f3n de los recursos naturales y la biodiversidad.<\/p>\n<p>Adem\u00e1s, se habl\u00f3 acerca de la importancia de las alianzas para lograr grandes metas como lo es la protecci\u00f3n de los oc\u00e9anos, y el rol que tienen los j\u00f3venes en estas actividades.<\/p>\n<p>No te pierdas esta conversaci\u00f3n y descubre cu\u00e1les son las principales amenazas para las ballenas en Chile, y los desaf\u00edos para la protecci\u00f3n de cet\u00e1ceos.[\/vc_column_text][\/vc_column][\/vc_row][vc_row content_placement=\u00bbmiddle\u00bb css=\u00bb.vc_custom_1648762694554{padding-top: 50px !important;padding-bottom: 50px !important;}\u00bb][vc_column width=\u00bb1\/2&#8243;][vc_column_text css=\u00bb.vc_custom_1665619393678{border-bottom-width: 2px !important;border-bottom-color: #75faff !important;border-bottom-style: solid !important;border-radius: 2px !important;}\u00bb]<\/p>\n<h3>Mar\u00eda Jos\u00e9 Zegers<\/h3>\n<p>[\/vc_column_text][vc_column_text]La conversaci\u00f3n se centr\u00f3 en el derecho ambiental, cu\u00e1les son los derechos que tiene la naturaleza y qu\u00e9 figuras legales existen para su protecci\u00f3n.<\/p>\n<p>Adem\u00e1s, se habl\u00f3 acerca de los desaf\u00edos que presenta la participaci\u00f3n de la ciudadan\u00eda y de las ONG en el cumplimiento de las normativas y leyes ambientales, y la protecci\u00f3n de las ballenas.<\/p>\n<p>No te pierdas esta conversaci\u00f3n y descubre cu\u00e1les son las principales amenazas para las ballenas en Chile, y los desaf\u00edos para la protecci\u00f3n de cet\u00e1ceos.[\/vc_column_text][\/vc_column][vc_column width=\u00bb1\/2&#8243;][vc_column_text]<iframe title=\"YouTube video player\" src=\"https:\/\/www.youtube.com\/embed\/fq8egVsFxlo\" width=\"560\" height=\"315\" frameborder=\"0\" allowfullscreen=\"allowfullscreen\"><\/iframe>[\/vc_column_text][\/vc_column][\/vc_row][vc_row content_placement=\u00bbmiddle\u00bb css=\u00bb.vc_custom_1651167215342{padding-top: 50px !important;}\u00bb][vc_column width=\u00bb1\/2&#8243;][vc_column_text]<iframe title=\"YouTube video player\" src=\"https:\/\/www.youtube.com\/embed\/5cva3yAIH9U\" width=\"560\" height=\"315\" frameborder=\"0\" allowfullscreen=\"allowfullscreen\"><\/iframe>[\/vc_column_text][\/vc_column][vc_column width=\u00bb1\/2&#8243;][vc_column_text css=\u00bb.vc_custom_1665613993594{border-bottom-width: 2px !important;border-bottom-color: #75faff !important;border-bottom-style: solid !important;border-radius: 2px !important;}\u00bb]<\/p>\n<h3>Viviana Pinto<\/h3>\n<p>[\/vc_column_text][vc_column_text]Conversamos con Viviana Pinto, Directora Ejecutiva Plastic Oceans.<\/p>\n<p>La conversaci\u00f3n se centr\u00f3 en qu\u00e9 es Plastic Oceans, y el trabajo que desarrollan en Chile.<\/p>\n<p>Adem\u00e1s, se habl\u00f3 acerca de c\u00f3mo la contaminaci\u00f3n por pl\u00e1sticos puede afectar al oc\u00e9ano y a las ballenas.<\/p>\n<p>No te pierdas esta conversaci\u00f3n y descubre cu\u00e1les son las principales amenazas para las ballenas en Chile, y los desaf\u00edos para la protecci\u00f3n de cet\u00e1ceos.[\/vc_column_text][\/vc_column][\/vc_row][vc_row content_placement=\u00bbmiddle\u00bb css=\u00bb.vc_custom_1648762694554{padding-top: 50px !important;padding-bottom: 50px !important;}\u00bb][vc_column width=\u00bb1\/2&#8243;][vc_column_text css=\u00bb.vc_custom_1665773528861{border-bottom-width: 2px !important;border-bottom-color: #75faff !important;border-bottom-style: solid !important;border-radius: 2px !important;}\u00bb]<\/p>\n<h3>CA LT Juan Gajardo Romero<\/h3>\n<p>[\/vc_column_text][vc_column_text]Conversamos con el Contraalmirante Juan Gajardo Romero, Director de Intereses Mar\u00edtimos y Medio Ambiente Ac\u00fastico.<\/p>\n<p>La conversaci\u00f3n se centr\u00f3 en qu\u00e9 es DIRINMAR, y el rol de la Armada de Chile en la protecci\u00f3n de los recursos naturales marinos y la biodiversidad.<\/p>\n<p>Adem\u00e1s, se habl\u00f3 acerca de la reglamentaci\u00f3n existente en Chile para la protecci\u00f3n de los cet\u00e1ceos y c\u00f3mo apoya la Armada de Chile en esta materia.<\/p>\n<p>No te pierdas esta conversaci\u00f3n y descubre cu\u00e1les son las principales amenazas para las ballenas en Chile, y los desaf\u00edos para la protecci\u00f3n de cet\u00e1ceos.[\/vc_column_text][\/vc_column][vc_column width=\u00bb1\/2&#8243;][vc_column_text]<iframe title=\"YouTube video player\" src=\"https:\/\/www.youtube.com\/embed\/eYaNK1WZIXc\" width=\"560\" height=\"315\" frameborder=\"0\" allowfullscreen=\"allowfullscreen\"><\/iframe>[\/vc_column_text][\/vc_column][\/vc_row][vc_row content_placement=\u00bbmiddle\u00bb css=\u00bb.vc_custom_1651167215342{padding-top: 50px !important;}\u00bb][vc_column width=\u00bb1\/2&#8243;][vc_column_text]<iframe title=\"YouTube video player\" src=\"https:\/\/www.youtube.com\/embed\/JBwr8CFWSZ8\" width=\"560\" height=\"315\" frameborder=\"0\" allowfullscreen=\"allowfullscreen\"><\/iframe>[\/vc_column_text][\/vc_column][vc_column width=\u00bb1\/2&#8243;][vc_column_text css=\u00bb.vc_custom_1663954317754{border-bottom-width: 2px !important;border-bottom-color: #75faff !important;border-bottom-style: solid !important;border-radius: 2px !important;}\u00bb]<\/p>\n<h3>Jaime Letelier<\/h3>\n<p>[\/vc_column_text][vc_column_text]Conversamos con Jaime Letelier, Jefe de Departamento de Oceanograf\u00eda del IFOP.<\/p>\n<p>En esta entrevista nos habla de acerca de IFOP y su rol en la protecci\u00f3n de los recursos naturales y la biodiversidad marina, adem\u00e1s de las consecuencias del Cambio Clim\u00e1tico en los oc\u00e9anos de Chile y c\u00f3mo \u00e9ste afecta a los recursos pesqueros.<\/p>\n<p>No te pierdas esta conversaci\u00f3n y descubre cu\u00e1les son las principales amenazas para las ballenas en Chile, y los desaf\u00edos para la protecci\u00f3n de cet\u00e1ceos.[\/vc_column_text][\/vc_column][\/vc_row][vc_row content_placement=\u00bbmiddle\u00bb css=\u00bb.vc_custom_1648762694554{padding-top: 50px !important;padding-bottom: 50px !important;}\u00bb][vc_column width=\u00bb1\/2&#8243;][vc_column_text css=\u00bb.vc_custom_1663954749154{border-bottom-width: 2px !important;border-bottom-color: #75faff !important;border-bottom-style: solid !important;border-radius: 2px !important;}\u00bb]<\/p>\n<h3>Ko Barrett<\/h3>\n<p>[\/vc_column_text][vc_column_text]Hablamos con Ko Barrett, Vicepresidenta del IPCC y Asesora Senior de la NOAA.<\/p>\n<p>La conversaci\u00f3n se centr\u00f3 en qu\u00e9 es NOAA y su rol en la protecci\u00f3n de los recursos naturales, la biodiversidad y la econom\u00eda del pa\u00eds.<\/p>\n<p>No te pierdas la oportunidad de descubrir cu\u00e1les son los principales objetivos y retos a los que se enfrenta el proyecto Blue BOAT Initiative y qu\u00e9 resultados se esperan obtener.[\/vc_column_text][\/vc_column][vc_column width=\u00bb1\/2&#8243;][vc_column_text]<iframe title=\"YouTube video player\" src=\"https:\/\/www.youtube.com\/embed\/kyqBzbyNqTo\" width=\"560\" height=\"315\" frameborder=\"0\" allowfullscreen=\"allowfullscreen\"><\/iframe>[\/vc_column_text][\/vc_column][\/vc_row][vc_row content_placement=\u00bbmiddle\u00bb css=\u00bb.vc_custom_1651167215342{padding-top: 50px !important;}\u00bb][vc_column width=\u00bb1\/2&#8243;][vc_column_text]<iframe title=\"YouTube video player\" src=\"https:\/\/www.youtube.com\/embed\/bukuDcCptDw\" width=\"560\" height=\"315\" frameborder=\"0\" allowfullscreen=\"allowfullscreen\"><\/iframe>[\/vc_column_text][\/vc_column][vc_column width=\u00bb1\/2&#8243;][vc_column_text css=\u00bb.vc_custom_1658335229450{border-bottom-width: 2px !important;border-bottom-color: #75faff !important;border-bottom-style: solid !important;border-radius: 2px !important;}\u00bb]<\/p>\n<h3>Ralph Chami<\/h3>\n<p>[\/vc_column_text][vc_column_text]Hablamos con Ralph Chami, Director Adjunto en el Instituto para el desarrollo de la capacidad del Fondo Monetario Internacional.<\/p>\n<p>La conversaci\u00f3n se centr\u00f3 en por qu\u00e9 es importante valorizar econ\u00f3micamente los servicios ecosist\u00e9micos de las ballenas.<\/p>\n<p>No te pierdas la oportunidad de descubrir cu\u00e1les son los principales objetivos y retos a los que se enfrenta el proyecto Blue BOAT Initiative y qu\u00e9 resultados se esperan obtener.[\/vc_column_text][\/vc_column][\/vc_row][vc_row content_placement=\u00bbmiddle\u00bb css=\u00bb.vc_custom_1648762694554{padding-top: 50px !important;padding-bottom: 50px !important;}\u00bb][vc_column width=\u00bb1\/2&#8243;][vc_column_text css=\u00bb.vc_custom_1655765521631{border-bottom-width: 2px !important;border-bottom-color: #75faff !important;border-bottom-style: solid !important;border-radius: 2px !important;}\u00bb]<\/p>\n<h3>Mauricio Ulloa<\/h3>\n<p>[\/vc_column_text][vc_column_text]Conversamos con Mauricio Ulloa, encargado Nacional de la Unidad de Rescate y Conservaci\u00f3n de Fauna Marina de SERNAPESCA.<\/p>\n<p>En esta entrevista nos habla de acerca de SERNAPESCA y su rol en la protecci\u00f3n de los recursos naturales y la biodiversidad, contribuyendo a la sustentabilidad de los recursos hidrobiol\u00f3gico y la protecci\u00f3n del medio ambiente.<\/p>\n<p>No te pierdas esta conversaci\u00f3n y descubre cu\u00e1les son las principales amenazas para las ballenas en Chile, y los desaf\u00edos para la protecci\u00f3n de cet\u00e1ceos.[\/vc_column_text][\/vc_column][vc_column width=\u00bb1\/2&#8243;][vc_column_text]<iframe title=\"YouTube video player\" src=\"https:\/\/www.youtube.com\/embed\/xcrFIVUGG2Q\" width=\"560\" height=\"315\" frameborder=\"0\" allowfullscreen=\"allowfullscreen\"><\/iframe>[\/vc_column_text][\/vc_column][\/vc_row][vc_row content_placement=\u00bbmiddle\u00bb css=\u00bb.vc_custom_1651167215342{padding-top: 50px !important;}\u00bb][vc_column width=\u00bb1\/2&#8243;][vc_column_text]<iframe title=\"YouTube video player\" src=\"https:\/\/www.youtube.com\/embed\/hkiQ_9lncQ4\" width=\"560\" height=\"315\" frameborder=\"0\" allowfullscreen=\"allowfullscreen\"><\/iframe>[\/vc_column_text][\/vc_column][vc_column width=\u00bb1\/2&#8243;][vc_column_text css=\u00bb.vc_custom_1651166992625{border-bottom-width: 2px !important;border-bottom-color: #75faff !important;border-bottom-style: solid !important;border-radius: 2px !important;}\u00bb]<\/p>\n<h3>Sergio Palma<\/h3>\n<p>[\/vc_column_text][vc_column_text]Conversamos con Sergio Palma, director para Chile de Environmental Defense Fund. \u00c9l nos habla de los principales proyectos que lidera esta instituci\u00f3n para la protecci\u00f3n de los oc\u00e9anos, sus recursos y la mitigaci\u00f3n del cambio clim\u00e1tico, as\u00ed como de los desaf\u00edos que enfrentan con The Blue BOAT Initiative.<\/p>\n<p>No te pierdas esta conversaci\u00f3n y descubre la importancia que tiene la ciencia y la tecnolog\u00eda en el desarrollo de comunidades que dependen de los diversos ecosistemas a nivel mundial.<\/p>\n<p>[\/vc_column_text][\/vc_column][\/vc_row][vc_row content_placement=\u00bbmiddle\u00bb css=\u00bb.vc_custom_1648762694554{padding-top: 50px !important;padding-bottom: 50px !important;}\u00bb][vc_column width=\u00bb1\/2&#8243;][vc_column_text css=\u00bb.vc_custom_1648762471106{border-bottom-width: 2px !important;border-bottom-color: #75faff !important;border-bottom-style: solid !important;border-radius: 2px !important;}\u00bb]<\/p>\n<h3>Michel Andr\u00e9<\/h3>\n<p>[\/vc_column_text][vc_column_text]Conversamos con Michel Andr\u00e9, presidente de The Sense of Silence Foundation. \u00c9l nos hablar\u00e1 de bioac\u00fastica, de los sonidos, de la dimensi\u00f3n ac\u00fastica de los oc\u00e9anos y de c\u00f3mo, The Blue BOAT Initiative busca reducir el problema de las colisiones entre embarcaciones y las ballenas.<\/p>\n<p>No te pierdas esta conversaci\u00f3n y descubre la importancia de escuchar a las ballenas y el oc\u00e9ano.[\/vc_column_text][\/vc_column][vc_column width=\u00bb1\/2&#8243;][vc_column_text]<iframe title=\"YouTube video player\" src=\"https:\/\/www.youtube.com\/embed\/ly39Z1zYwtE\" width=\"560\" height=\"315\" frameborder=\"0\" allowfullscreen=\"allowfullscreen\"><\/iframe>[\/vc_column_text][\/vc_column][\/vc_row][vc_row content_placement=\u00bbmiddle\u00bb css=\u00bb.vc_custom_1648765848455{padding-bottom: 50px !important;}\u00bb][vc_column width=\u00bb1\/2&#8243;][vc_column_text]<iframe title=\"YouTube video player\" src=\"https:\/\/www.youtube.com\/embed\/6RAtIuUTQLs\" width=\"560\" height=\"315\" frameborder=\"0\" allowfullscreen=\"allowfullscreen\"><\/iframe>[\/vc_column_text][\/vc_column][vc_column width=\u00bb1\/2&#8243;][vc_column_text css=\u00bb.vc_custom_1648765143986{border-bottom-width: 2px !important;border-bottom-color: #75faff !important;border-bottom-style: solid !important;border-radius: 2px !important;}\u00bb]<\/p>\n<h3>Jos\u00e9 An\u00edbal Fern\u00e1ndez<\/h3>\n<p>[\/vc_column_text][vc_column_text]Conversamos con Jos\u00e9 An\u00edbal Fern\u00e1ndez, Director Adjunto en Ministerio de Relaciones Exteriores, Comisionado de Chile ante la Comisi\u00f3n Ballenera Internacional e integrante del proyecto The Blue BOAT Initiative, acerca de la importancia de los cet\u00e1ceos, sus principales amenazas y del rol de la Comisi\u00f3n Ballenera Internacional y de Chile en su protecci\u00f3n. \u00a1Ent\u00e9rate de todo esto y m\u00e1s en el siguiente video![\/vc_column_text][\/vc_column][\/vc_row]<\/p>\n<\/div>","protected":false},"excerpt":{"rendered":"<p>[vc_row full_width=\u00bbstretch_row\u00bb css=\u00bb.vc_custom_1648761689805{margin-bottom: 0px !important;padding-top: 200px !important;padding-bottom: 200px !important;background-image: url(https:\/\/fundacionmeri.cl\/theblueboatinitiative\/wp-content\/uploads\/2022\/03\/Banner-Nueva-Seccio\u0301n.jpg?id=860) !important;background-position: center !important;background-repeat: no-repeat !important;background-size: cover !important;}\u00bb][vc_column width=\u00bb1\/2&#8243;][vc_column_text css=\u00bb.vc_custom_1648765033910{border-bottom-width: 2px&#8230;<\/p>\n","protected":false},"author":1,"featured_media":860,"parent":0,"menu_order":0,"comment_status":"closed","ping_status":"closed","template":"","meta":{"footnotes":""},"class_list":["post-859","page","type-page","status-publish","has-post-thumbnail"],"translation":{"provider":"WPGlobus","version":"3.0.2","language":"es","enabled_languages":["es","en"],"languages":{"es":{"title":true,"content":true,"excerpt":false},"en":{"title":true,"content":true,"excerpt":false}}},"_links":{"self":[{"href":"https:\/\/fundacionmeri.cl\/theblueboatinitiative\/wp-json\/wp\/v2\/pages\/859","targetHints":{"allow":["GET"]}}],"collection":[{"href":"https:\/\/fundacionmeri.cl\/theblueboatinitiative\/wp-json\/wp\/v2\/pages"}],"about":[{"href":"https:\/\/fundacionmeri.cl\/theblueboatinitiative\/wp-json\/wp\/v2\/types\/page"}],"author":[{"embeddable":true,"href":"https:\/\/fundacionmeri.cl\/theblueboatinitiative\/wp-json\/wp\/v2\/users\/1"}],"replies":[{"embeddable":true,"href":"https:\/\/fundacionmeri.cl\/theblueboatinitiative\/wp-json\/wp\/v2\/comments?post=859"}],"version-history":[{"count":42,"href":"https:\/\/fundacionmeri.cl\/theblueboatinitiative\/wp-json\/wp\/v2\/pages\/859\/revisions"}],"predecessor-version":[{"id":876,"href":"https:\/\/fundacionmeri.cl\/theblueboatinitiative\/wp-json\/wp\/v2\/pages\/859\/revisions\/876"}],"wp:featuredmedia":[{"embeddable":true,"href":"https:\/\/fundacionmeri.cl\/theblueboatinitiative\/wp-json\/wp\/v2\/media\/860"}],"wp:attachment":[{"href":"https:\/\/fundacionmeri.cl\/theblueboatinitiative\/wp-json\/wp\/v2\/media?parent=859"}],"curies":[{"name":"wp","href":"https:\/\/api.w.org\/{rel}","templated":true}]}}