{"id":69692,"date":"2022-07-19T17:32:36","date_gmt":"2022-07-19T20:32:36","guid":{"rendered":"https:\/\/fundacionmeri.cl\/?page_id=69692"},"modified":"2022-07-19T17:36:26","modified_gmt":"2022-07-19T20:36:26","slug":"blue-climate-summit-tahiti","status":"publish","type":"page","link":"https:\/\/fundacionmeri.cl\/en\/blue-climate-summit-tahiti\/","title":{"rendered":"Blue Climate Summit (Tahit\u00ed)"},"content":{"rendered":"<div class=\"wpb-content-wrapper\"><p>[vc_row full_width=&#8221;stretch_row&#8221; css=&#8221;.vc_custom_1658262628831{background-position: center !important;background-repeat: no-repeat !important;background-size: cover !important;}&#8221;][vc_column width=&#8221;1\/6&#8243;][\/vc_column][vc_column width=&#8221;2\/3&#8243;][vc_column_text]<img class=\"aligncenter size-full wp-image-69693\" src=\"https:\/\/fundacionmeri.cl\/wp-content\/uploads\/2022\/07\/Blue-climate.jpeg\" alt=\"\" width=\"1113\" height=\"347\" srcset=\"https:\/\/fundacionmeri.cl\/wp-content\/uploads\/2022\/07\/Blue-climate.jpeg 1113w, https:\/\/fundacionmeri.cl\/wp-content\/uploads\/2022\/07\/Blue-climate-300x94.jpeg 300w, https:\/\/fundacionmeri.cl\/wp-content\/uploads\/2022\/07\/Blue-climate-1024x319.jpeg 1024w, https:\/\/fundacionmeri.cl\/wp-content\/uploads\/2022\/07\/Blue-climate-768x239.jpeg 768w\" sizes=\"(max-width: 1113px) 100vw, 1113px\" \/>[\/vc_column_text][\/vc_column][vc_column width=&#8221;1\/6&#8243;][\/vc_column][\/vc_row][vc_row][vc_column width=&#8221;1\/6&#8243;][\/vc_column][vc_column width=&#8221;2\/3&#8243;][vc_column_text]<figure id=\"attachment_10959\" aria-describedby=\"caption-attachment-10959\" style=\"width: 300px\" class=\"wp-caption alignleft\"><img class=\"wp-image-10959 size-medium\" src=\"https:\/\/www.filantropiacortessolari.cl\/wp-content\/uploads\/2022\/06\/DSC_7500-300x200.jpg\" alt=\"Francisca Cort\u00e9s Solari\" width=\"300\" height=\"200\" \/><figcaption id=\"caption-attachment-10959\" class=\"wp-caption-text\">Francisca Cort\u00e9s Solari<\/figcaption><\/figure><\/p>\n<p>The Blue Climate Summit brought together 250 world leaders, including Dr. Sylvia Earle and Laura Turner.<\/p>\n<p>Francisca Cort\u00e9s Solari, our Executive President, inaugurated this international meeting about cutting-edge technologies for ocean conservation and climate change mitigation in French Polynesia on Saturday.<\/p>\n<p>\u201cWe must act today. This is a problem that has an impact on all of us and whose solution requires a change in individual and then collective consciousness,\u201d said the Chilean philanthropist, the only representative from Latin America.<\/p>\n<p>In a strategic partnership with Filantrop\u00eda Cort\u00e9s Solari, Michel Andr\u00e9 presented LIDO, a technology that monitors the oceans. LIDO is used in our flagship project, The Blue BOAT Initiative, which is a joint effort between the Government of Chile and the MERI Foundation. Michel Andr\u00e9 is the President of The Sense of Silence Foundation and director of the Bioacoustic Applications Laboratory of the Universitat Polit\u00e8cnica de Catalunya, Barcelona Tech.<\/p>\n<p><a href=\"https:\/\/www.blueclimateinitiative.org\/sites\/default\/files\/2022-06\/Blue%20Climate%20Summit%20Outcomes%20Report%20May%202022.pdf\">You can review the full report here (PDF)<\/a>[\/vc_column_text][\/vc_column][vc_column width=&#8221;1\/6&#8243;][\/vc_column][\/vc_row]<\/p>\n<\/div>","protected":false},"excerpt":{"rendered":"<p>[vc_row full_width=&#8221;stretch_row&#8221; css=&#8221;.vc_custom_1658262628831{background-position: center !important;background-repeat: no-repeat !important;background-size: cover !important;}&#8221;][vc_column width=&#8221;1\/6&#8243;][\/vc_column][vc_column width=&#8221;2\/3&#8243;][vc_column_text][\/vc_column_text][\/vc_column][vc_column width=&#8221;1\/6&#8243;][\/vc_column][\/vc_row][vc_row][vc_column width=&#8221;1\/6&#8243;][\/vc_column][vc_column width=&#8221;2\/3&#8243;][vc_column_text] The Blue Climate Summit brought together&#8230;<\/p>\n","protected":false},"author":1,"featured_media":0,"parent":0,"menu_order":0,"comment_status":"closed","ping_status":"closed","template":"","meta":{"footnotes":""},"class_list":["post-69692","page","type-page","status-publish"],"translation":{"provider":"WPGlobus","version":"3.0.2","language":"en","enabled_languages":["es","en"],"languages":{"es":{"title":true,"content":true,"excerpt":false},"en":{"title":true,"content":true,"excerpt":false}}},"_links":{"self":[{"href":"https:\/\/fundacionmeri.cl\/en\/wp-json\/wp\/v2\/pages\/69692","targetHints":{"allow":["GET"]}}],"collection":[{"href":"https:\/\/fundacionmeri.cl\/en\/wp-json\/wp\/v2\/pages"}],"about":[{"href":"https:\/\/fundacionmeri.cl\/en\/wp-json\/wp\/v2\/types\/page"}],"author":[{"embeddable":true,"href":"https:\/\/fundacionmeri.cl\/en\/wp-json\/wp\/v2\/users\/1"}],"replies":[{"embeddable":true,"href":"https:\/\/fundacionmeri.cl\/en\/wp-json\/wp\/v2\/comments?post=69692"}],"version-history":[{"count":0,"href":"https:\/\/fundacionmeri.cl\/en\/wp-json\/wp\/v2\/pages\/69692\/revisions"}],"wp:attachment":[{"href":"https:\/\/fundacionmeri.cl\/en\/wp-json\/wp\/v2\/media?parent=69692"}],"curies":[{"name":"wp","href":"https:\/\/api.w.org\/{rel}","templated":true}]}}

Blue Climate Summit (Tahití)

<div class="wpb-content-wrapper"><p>[vc_row full_width=&#8221;stretch_row&#8221; css=&#8221;.vc_custom_1658262628831{background-position: center !important;background-repeat: no-repeat !important;background-size: cover !important;}&#8221;][vc_column width=&#8221;1/6&#8243;][/vc_column][vc_column width=&#8221;2/3&#8243;][vc_column_text]<img class="aligncenter size-full wp-image-69693" src="https://fundacionmeri.cl/wp-content/uploads/2022/07/Blue-climate.jpeg" alt="" width="1113" height="347" srcset="https://fundacionmeri.cl/wp-content/uploads/2022/07/Blue-climate.jpeg 1113w, https://fundacionmeri.cl/wp-content/uploads/2022/07/Blue-climate-300x94.jpeg 300w, https://fundacionmeri.cl/wp-content/uploads/2022/07/Blue-climate-1024x319.jpeg 1024w, https://fundacionmeri.cl/wp-content/uploads/2022/07/Blue-climate-768x239.jpeg 768w" sizes="(max-width: 1113px) 100vw, 1113px" />[/vc_column_text][/vc_column][vc_column width=&#8221;1/6&#8243;][/vc_column][/vc_row][vc_row][vc_column width=&#8221;1/6&#8243;][/vc_column][vc_column width=&#8221;2/3&#8243;][vc_column_text]<figure id="attachment_10959" aria-describedby="caption-attachment-10959" style="width: 300px" class="wp-caption alignleft"><img class="wp-image-10959 size-medium" src="https://www.filantropiacortessolari.cl/wp-content/uploads/2022/06/DSC_7500-300x200.jpg" alt="Francisca Cortés Solari" width="300" height="200" /><figcaption id="caption-attachment-10959" class="wp-caption-text">Francisca Cortés Solari</figcaption></figure></p>
<p>The Blue Climate Summit brought together 250 world leaders, including Dr. Sylvia Earle and Laura Turner.</p>
<p>Francisca Cortés Solari, our Executive President, inaugurated this international meeting about cutting-edge technologies for ocean conservation and climate change mitigation in French Polynesia on Saturday.</p>
<p>“We must act today. This is a problem that has an impact on all of us and whose solution requires a change in individual and then collective consciousness,” said the Chilean philanthropist, the only representative from Latin America.</p>
<p>In a strategic partnership with Filantropía Cortés Solari, Michel André presented LIDO, a technology that monitors the oceans. LIDO is used in our flagship project, The Blue BOAT Initiative, which is a joint effort between the Government of Chile and the MERI Foundation. Michel André is the President of The Sense of Silence Foundation and director of the Bioacoustic Applications Laboratory of the Universitat Politècnica de Catalunya, Barcelona Tech.</p>
<p><a href="https://www.blueclimateinitiative.org/sites/default/files/2022-06/Blue%20Climate%20Summit%20Outcomes%20Report%20May%202022.pdf">You can review the full report here (PDF)</a>[/vc_column_text][/vc_column][vc_column width=&#8221;1/6&#8243;][/vc_column][/vc_row]</p>
</div>
